{"id":83,"date":"2025-01-21T17:08:37","date_gmt":"2025-01-21T16:08:37","guid":{"rendered":"https:\/\/xn--rndeskytteforening-g4b.dk\/?page_id=83"},"modified":"2025-02-06T12:49:25","modified_gmt":"2025-02-06T11:49:25","slug":"hvad-skyder-vi-med","status":"publish","type":"page","link":"https:\/\/xn--rndeskytteforening-g4b.dk\/index.php\/hvad-skyder-vi-med\/","title":{"rendered":"Hvad skyder vi med ?"},"content":{"rendered":"<p><strong><em>P\u00e5 vores indend\u00f8rs 15m baner, som benyttes i vinterperioden, skydes der med<\/em><\/strong><\/p>\n<ul>\n<li><strong>Luftgev\u00e6r<\/strong>. Nutidige PCP luftgev\u00e6rer bruger komprimeret luft som drivmiddel. De larmer ikke, har ingen rekyl, er ultra pr\u00e6cise og\u00a0 de er billige i ammunition.<\/li>\n<li><strong>Salonriffel (cal .22).<\/strong> Salonriffler anvendes til en lang r\u00e6kke discipliner. De larmer mere end luftdrevne v\u00e5ben, har et minimum af rekyl og omkostningerne til\u00a0 ammunitions er stadig overkommelig.<\/li>\n<li><strong>Luftpistol<\/strong>. Moderne luftpistoler er PCP drevne, og f\u00e5es i b\u00e5de enkeltskud og 5-skuds udgaver. Ligesom luft gev\u00e6ret lamer de kun minimalt, har ingen rekyl, er ultra pr\u00e6cise og er billige at skyde med<\/li>\n<li><strong>Pistol \/ Revolver\u00a0 fra cal.22 &#8211; 9mm. <\/strong>Pistoler i cal .22 betegnes ogs\u00e5 som standardpistoler, og de anvender samme ammunition som salonriffler. De larmer, de har lidt rekyl, men prisen p\u00e5 ammunitionen er forholdsvis overkommelig. De anvendes sammen med revolvere i samme kalibre til en lang r\u00e6kke skydediscipliner. Kalibre fra .32 og st\u00f8rre betegnes som grovkalibre. Her er rekylen og larmen m\u00e6rkbar, ligesom omkostninger til ammunition er h\u00f8j.<\/li>\n<\/ul>\n<p>&nbsp;<\/p>\n<p><em><strong>P\u00e5 vores udend\u00f8rs 25m bane skydes der i sommerperioden med<\/strong><\/em><\/p>\n<ul>\n<li><strong>Pistol \/ Revolver fra cal .22 &#8211; cal 45. <\/strong>Her anvendes samme pistoler \/ revolvere, som p\u00e5 15 m banen, tillige med cal 45. Der kan skydes diverse discipliner, hvor der indg\u00e5r vendeanl\u00e6g til skiverne.<\/li>\n<\/ul>\n<p><em><strong>P\u00e5 vores udend\u00f8rs 50 m bane skydes der i sommerperioden med<\/strong><\/em><\/p>\n<ul>\n<li><strong>Salonriffel (cal .22). <\/strong>Der anvendes samme gev\u00e6r som p\u00e5 15 m<\/li>\n<li><strong>Fri-Pistol cal .22.<\/strong> En fri-pistol er en speciel udformet pistol, der har en ergonomisk udformning, der adskiller sig andre pistoler. Den er enkeltskuds og anvender cal .22 ammunition. Den bruges fortrinsvis\u00a0 p\u00e5 50 m, men ogs\u00e5 til konkurrencer p\u00e5 15m.<\/li>\n<\/ul>\n<p>&nbsp;<\/p>\n<p>&nbsp;<\/p>\n<p>&nbsp;<\/p>\n\n\n<div class=\"wp-block-columns is-layout-flex wp-container-core-columns-is-layout-9d6595d7 wp-block-columns-is-layout-flex\">\n<div class=\"wp-block-column is-layout-flow wp-block-column-is-layout-flow\">\n<figure class=\"wp-block-image size-large\"><img loading=\"lazy\" decoding=\"async\" width=\"1024\" height=\"577\" src=\"http:\/\/xn--rndeskytteforening-g4b.dk\/wp-content\/uploads\/2025\/02\/20250129_185144-edited-1-1024x577.jpg\" alt=\"\" class=\"wp-image-212\" srcset=\"https:\/\/xn--rndeskytteforening-g4b.dk\/wp-content\/uploads\/2025\/02\/20250129_185144-edited-1-1024x577.jpg 1024w, https:\/\/xn--rndeskytteforening-g4b.dk\/wp-content\/uploads\/2025\/02\/20250129_185144-edited-1-300x169.jpg 300w, https:\/\/xn--rndeskytteforening-g4b.dk\/wp-content\/uploads\/2025\/02\/20250129_185144-edited-1-768x432.jpg 768w, https:\/\/xn--rndeskytteforening-g4b.dk\/wp-content\/uploads\/2025\/02\/20250129_185144-edited-1-1536x865.jpg 1536w, https:\/\/xn--rndeskytteforening-g4b.dk\/wp-content\/uploads\/2025\/02\/20250129_185144-edited-1-2048x1153.jpg 2048w\" sizes=\"auto, (max-width: 767px) 89vw, (max-width: 1000px) 54vw, (max-width: 1071px) 543px, 580px\" \/><figcaption class=\"wp-element-caption\">PCP Luftpistol<\/figcaption><\/figure>\n<\/div>\n\n\n\n<div class=\"wp-block-column is-layout-flow wp-block-column-is-layout-flow\">\n<p>Moderne PCP luftpistoler bruger komprimeret luft som drivmiddel. De f\u00e5es som enkeltskuds pistoler eller som halvautomatiske 5-skudspistoler. De kr\u00e6ver ingen v\u00e5bentilladelse, man skal blot v\u00e6re fyldt 18 \u00e5r, de larmer ikke meget, har n\u00e6sten ingen rekyl og de er ultra pr\u00e6cise.<\/p>\n<\/div>\n<\/div>\n\n\n\n<div class=\"wp-block-columns is-layout-flex wp-container-core-columns-is-layout-9d6595d7 wp-block-columns-is-layout-flex\">\n<div class=\"wp-block-column is-layout-flow wp-block-column-is-layout-flow\">\n<figure class=\"wp-block-image size-large\"><img loading=\"lazy\" decoding=\"async\" width=\"577\" height=\"1024\" src=\"http:\/\/xn--rndeskytteforening-g4b.dk\/wp-content\/uploads\/2025\/02\/20250129_184715-577x1024.jpg\" alt=\"\" class=\"wp-image-213\" srcset=\"https:\/\/xn--rndeskytteforening-g4b.dk\/wp-content\/uploads\/2025\/02\/20250129_184715-577x1024.jpg 577w, https:\/\/xn--rndeskytteforening-g4b.dk\/wp-content\/uploads\/2025\/02\/20250129_184715-169x300.jpg 169w, https:\/\/xn--rndeskytteforening-g4b.dk\/wp-content\/uploads\/2025\/02\/20250129_184715-768x1364.jpg 768w, https:\/\/xn--rndeskytteforening-g4b.dk\/wp-content\/uploads\/2025\/02\/20250129_184715-865x1536.jpg 865w, https:\/\/xn--rndeskytteforening-g4b.dk\/wp-content\/uploads\/2025\/02\/20250129_184715-1153x2048.jpg 1153w, https:\/\/xn--rndeskytteforening-g4b.dk\/wp-content\/uploads\/2025\/02\/20250129_184715-scaled.jpg 1441w\" sizes=\"auto, (max-width: 577px) 100vw, 577px\" \/><figcaption class=\"wp-element-caption\">Luftgev\u00e6r<\/figcaption><\/figure>\n<\/div>\n\n\n\n<div class=\"wp-block-column is-vertically-aligned-center is-layout-flow wp-block-column-is-layout-flow\">\n<p>Nutidige PCP luftgev\u00e6rer bruger komprimeret luft som drivmiddel. De larmer ikke, har ingen rekyl og er ultra pr\u00e6cise.<\/p>\n<\/div>\n<\/div>\n\n\n\n<div class=\"wp-block-columns is-layout-flex wp-container-core-columns-is-layout-9d6595d7 wp-block-columns-is-layout-flex\">\n<div class=\"wp-block-column is-layout-flow wp-block-column-is-layout-flow\">\n<figure class=\"wp-block-image size-large is-resized\"><img loading=\"lazy\" decoding=\"async\" width=\"577\" height=\"1024\" src=\"https:\/\/xn--rndeskytteforening-g4b.dk\/wp-content\/uploads\/2025\/02\/20250129_185025-577x1024.jpg\" alt=\"\" class=\"wp-image-214\" style=\"width:199px;height:auto\" srcset=\"https:\/\/xn--rndeskytteforening-g4b.dk\/wp-content\/uploads\/2025\/02\/20250129_185025-577x1024.jpg 577w, https:\/\/xn--rndeskytteforening-g4b.dk\/wp-content\/uploads\/2025\/02\/20250129_185025-169x300.jpg 169w, https:\/\/xn--rndeskytteforening-g4b.dk\/wp-content\/uploads\/2025\/02\/20250129_185025-768x1364.jpg 768w, https:\/\/xn--rndeskytteforening-g4b.dk\/wp-content\/uploads\/2025\/02\/20250129_185025-865x1536.jpg 865w, https:\/\/xn--rndeskytteforening-g4b.dk\/wp-content\/uploads\/2025\/02\/20250129_185025-1153x2048.jpg 1153w, https:\/\/xn--rndeskytteforening-g4b.dk\/wp-content\/uploads\/2025\/02\/20250129_185025-scaled.jpg 1441w\" sizes=\"auto, (max-width: 577px) 100vw, 577px\" \/><figcaption class=\"wp-element-caption\">Pistol og revolver i cal .22 lr<\/figcaption><\/figure>\n<\/div>\n\n\n\n<div class=\"wp-block-column is-layout-flow wp-block-column-is-layout-flow\">\n<p>&nbsp;<\/p>\n<p>&nbsp;<\/p>\n<p>Pistol og revolver i cal .22 til diverse discipliner<\/p>\n<\/div>\n<\/div>\n\n\n\n<p><\/p>\n","protected":false},"excerpt":{"rendered":"<p>P\u00e5 vores indend\u00f8rs 15m baner, som benyttes i vinterperioden, skydes der med Luftgev\u00e6r. Nutidige PCP luftgev\u00e6rer bruger komprimeret luft som drivmiddel. De larmer ikke, har ingen rekyl, er ultra pr\u00e6cise og\u00a0 de er billige i ammunition. Salonriffel (cal .22). Salonriffler anvendes til en lang r\u00e6kke discipliner. De larmer mere end luftdrevne v\u00e5ben, har et minimum &hellip; <\/p>\n<p class=\"link-more\"><a href=\"https:\/\/xn--rndeskytteforening-g4b.dk\/index.php\/hvad-skyder-vi-med\/\" class=\"more-link\">L\u00e6s videre<span class=\"screen-reader-text\"> &#8220;Hvad skyder vi med ?&#8221;<\/span><\/a><\/p>\n","protected":false},"author":1,"featured_media":0,"parent":0,"menu_order":0,"comment_status":"closed","ping_status":"closed","template":"","meta":{"footnotes":""},"class_list":["post-83","page","type-page","status-publish","hentry"],"_links":{"self":[{"href":"https:\/\/xn--rndeskytteforening-g4b.dk\/index.php\/wp-json\/wp\/v2\/pages\/83","targetHints":{"allow":["GET"]}}],"collection":[{"href":"https:\/\/xn--rndeskytteforening-g4b.dk\/index.php\/wp-json\/wp\/v2\/pages"}],"about":[{"href":"https:\/\/xn--rndeskytteforening-g4b.dk\/index.php\/wp-json\/wp\/v2\/types\/page"}],"author":[{"embeddable":true,"href":"https:\/\/xn--rndeskytteforening-g4b.dk\/index.php\/wp-json\/wp\/v2\/users\/1"}],"replies":[{"embeddable":true,"href":"https:\/\/xn--rndeskytteforening-g4b.dk\/index.php\/wp-json\/wp\/v2\/comments?post=83"}],"version-history":[{"count":6,"href":"https:\/\/xn--rndeskytteforening-g4b.dk\/index.php\/wp-json\/wp\/v2\/pages\/83\/revisions"}],"predecessor-version":[{"id":217,"href":"https:\/\/xn--rndeskytteforening-g4b.dk\/index.php\/wp-json\/wp\/v2\/pages\/83\/revisions\/217"}],"wp:attachment":[{"href":"https:\/\/xn--rndeskytteforening-g4b.dk\/index.php\/wp-json\/wp\/v2\/media?parent=83"}],"curies":[{"name":"wp","href":"https:\/\/api.w.org\/{rel}","templated":true}]}}